tors of 154353704?
2, 1151, 16763
List the prime factors of 1415411432.
2, 17, 10407437
List the prime factors of 1881779841.
3, 13513, 15473
What are the prime factors of 29018155?
5, 173, 33547
List the prime factors of 28508137.
7, 1201, 3391
What are the prime factors of 83497845?
3, 5, 5566523
What are the prime factors of 99848291?
67, 1490273
What are the prime factors of 1605234498?
2, 3, 7, 31, 109, 11311
List the prime factors of 223605273.
3, 47, 97, 16349
What are the prime factors of 98761896?
2, 3, 53, 8627
What are the prime factors of 344864694?
2, 3, 29, 41, 48341
List the prime factors of 792207330.
2, 3, 5, 41, 67, 9613
What are the prime factors of 234103300?
2, 5, 2341033
List the prime factors of 45169540.
2, 5, 13, 173729
List the prime factors of 39294883.
139, 282697
List the prime factors of 462113817.
3, 11, 14003449
What are the prime factors of 259399753?
17, 897577
What are the prime factors of 247914151?
247914151
List the prime factors of 1190218129.
677, 1061, 1657
List the prime factors of 1290649649.
31379, 41131
List the prime factors of 5176528969.
42433, 121993
What are the prime factors of 3549529153?
29, 101, 1211857
What are the prime factors of 1048719325?
5, 1217, 34469
List the prime factors of 39270222.
2, 3, 1019, 2141
What are the prime factors of 205413592?
2, 1291, 19889
What are the prime factors of 378861149?
378861149
What are the prime factors of 38315988?
2, 3, 1064333
What are the prime factors of 1531784739?
3, 109, 4684357
List the prime factors of 59066436.
2, 3, 11, 13, 34421
What are the prime factors of 170314301?
149, 1143049
List the prime factors of 44521582.
2, 7, 37, 61, 1409
List the prime factors of 15446893.
7, 11, 200609
List the prime factors of 101315690.
2, 5, 7, 23, 62929
What are the prime factors of 3124606829?
19, 461, 356731
What are the prime factors of 4157838471?
3, 2539, 545863
What are the prime factors of 2901210108?
2, 3, 37, 6534257
List the prime factors of 782781269.
17, 46045957
List the prime factors of 192349044.
2, 3, 5343029
What are the prime factors of 478802638?
2, 23, 1213, 8581
List the prime factors of 86503643.
86503643
List the prime factors of 227833330.
2, 5, 151, 150883
What are the prime factors of 63726023?
281, 226783
List the prime factors of 143191902.
2, 3, 7, 53, 64327
List the prime factors of 2862547285.
5, 13, 31, 509, 2791
What are the prime factors of 37522563?
3, 13, 5693
What are the prime factors of 259476354?
2, 3, 2141, 6733
What are the prime factors of 89471236?
2, 22367809
What are the prime factors of 380789197?
380789197
What are the prime factors of 881868938?
2, 440934469
List the prime factors of 4529391144.
2, 3, 188724631
What are the prime factors of 2076836035?
5, 157, 2645651
List the prime factors of 20219605.
5, 7, 82529
List the prime factors of 328856751.
3, 73, 317, 1579
List the prime factors of 322203723.
3, 107401241
List the prime factors of 72055493.
72055493
List the prime factors of 544491729.
3, 60499081
What are the prime factors of 109996410?
2, 3, 5, 211, 17377
What are the prime factors of 1002952958?
2, 7, 71, 1009007
List the prime factors of 52312288.
2, 7, 29, 8053
What are the prime factors of 160926961?
13, 12378997
What are the prime factors of 242412344?
2, 30301543
List the prime factors of 247928038.
2, 227, 546097
List the prime factors of 430718272.
2, 43, 156511
List the prime factors of 1055707245.
3, 5, 23, 1020007
List the prime factors of 175970887.
175970887
What are the prime factors of 41924006?
2, 17, 701, 1759
What are the prime factors of 2648317136?
2, 165519821
List the prime factors of 148845815.
5, 103, 289021
What are the prime factors of 48707402?
2, 61, 399241
What are the prime factors of 1190233152?
2, 3, 1069, 1933
List the prime factors of 1454925537.
3, 13, 1373, 3019
List the prime factors of 8838418804.
2, 31, 191, 373181
List the prime factors of 29825814.
2, 3, 4970969
List the prime factors of 250932223.
17, 61, 241979
What are the prime factors of 1604326896?
2, 3, 11141159
List the prime factors of 126202133.
126202133
What are the prime factors of 573157161?
3, 431, 49253
What are the prime factors of 11324763?
3, 23, 54709
List the prime factors of 160445493.
3, 13, 23, 109, 547
List the prime factors of 411968451.
3, 41, 89, 37633
List the prime factors of 1412484247.
1412484247
List the prime factors of 356224405.
5, 71244881
List the prime factors of 1663152767.
1663152767
What are the prime factors of 14875920?
2, 3, 5, 71, 97
What are the prime factors of 670402921?
670402921
What are the prime factors of 8002535416?
2, 353, 2833759
What are the prime factors of 575719714?
2, 287859857
What are the prime factors of 98368036?
2, 13, 157, 12049
What are the prime factors of 6033756763?
77339, 78017
What are the prime factors of 1587673159?
20533, 77323
List the prime factors of 102654898.
2, 41, 83, 15083
List the prime factors of 839397106.
2, 31, 13538663
What are the prime factors of 22076302?
2, 17, 53, 12251
What are the prime factors of 1773298863?
3, 7, 3709, 7589
List the prime factors of 81511293.
3, 27170431
What are the prime factors of 508700541?
3, 169566847
List the prime factors of 1840924263.
3, 29, 3889, 5441
List the prime factors of 44990418.
2, 3, 11, 681673
List the prime factors of 177203299.
7, 13, 257, 7577
What are the prime factors of 369760986?
2, 3, 7, 881, 3331
What are the prime factors of 1136958384?
2, 3, 23686633
List the prime factors of 253348158.
2, 3, 7, 673, 8963
What are the prime factors of 112850561?
112850561
List the prime factors of 654939580.
2, 5, 109, 300431
List the prime factors of 980660833.
853, 1149661
List the prime factors of 55277221.
55277221
List the prime factors of 530864977.
530864977
List the prime factors of 884679940.
2, 5, 44233997
What are the prime factors of 541409206?
2, 13, 20823431
List the prime factors of 651767026.
2, 109, 2989757
What are the prime factors of 30482118?
2, 3, 19, 4691
List the prime factors of 4007476361.
7, 31, 829, 22277
What are the prime factors of 5411191566?
2, 3, 11, 181, 193, 2347
List the prime factors of 11721372.
2, 3, 13, 227, 331
What are the prime factors of 194546548?
2, 7, 19, 365689
List the prime factors of 385894384.
2, 43, 560893
What are the prime factors of 374961426?
2, 3, 7, 167, 1091
What are the prime factors of 3844750379?
17, 3079, 73453
List the prime factors of 256632159.
3, 7, 827, 2111
List the prime factors of 4062508793.
7, 580358399
List the prime factors of 308099851.
37, 433, 19231
What are the prime factors of 199220042?
2, 7, 17, 837059
List the prime factors of 12163421.
1237, 9833
What are the prime factors of 1664681019?
3, 16253, 34141
List the prime factors of 59864162.
2, 31, 965551
List the prime factors of 3659512121.
37, 2887, 34259
What are the prime factors of 4998152498?
2, 2499076249
What are the prime factors of 6210941549?
347, 17898967
List the prime factors of 2271054974.
2, 16901, 67187
What are the prime factors of 476181346?
2, 47, 5065759
List the prime factors of 332847724.
2, 11, 457, 16553
What are the prime factors of 1184174765?
5, 701, 337853
What are the prime factors of 179865592?
2, 22483199
List the prime factors of 402594524.
2, 59, 397, 4297
List the prime factors of 3592791282.
2, 3, 19, 1097, 28729
What are the prime factors of 3724397003?
3724397003
What are the prime factors of 8412667?
41, 205187
List the prime factors of 1012040407.
7, 144577201
What are the prime factors of 146922487?
113, 1300199
List the prime factors of 2084320337.
11, 189483667
List the prime factors of 480318686.
2, 43, 337, 16573
What are the prime factors of 289401059?
211, 1371569
What are the prime factors of 1656583772?
2, 43, 383, 25147
What are the prime factors of 269948214?
2, 3, 79, 89
What are the prime factors of 30534922?
2, 11, 79, 17569
List the prime factors of 50347647.
3, 7, 114167
What are the prime factors of 2868726642?
2, 3, 17, 28124771
List the prime factors of 70408863.
3, 7, 1117601
List the prime factors of 304513424.
2, 19032089
List the prime factors of 1113126969.
3, 17, 21826019
List the prime factors of 1194873507.
3, 311, 426893
List the prime factors of 388773067.
71, 54756